the remainder when 10695 is divided by 119?
104
What is the remainder when 262829 is divided by 242?
17
Calculate the remainder when 663 is divided by 328.
7
Calculate the remainder when 3019 is divided by 151.
150
What is the remainder when 937 is divided by 313?
311
Calculate the remainder when 39913 is divided by 5695.
48
What is the remainder when 21139 is divided by 21125?
14
Calculate the remainder when 7079 is divided by 6211.
868
What is the remainder when 52728 is divided by 143?
104
What is the remainder when 45748 is divided by 750?
748
What is the remainder when 5218 is divided by 17?
16
What is the remainder when 47677 is divided by 418?
25
What is the remainder when 2637 is divided by 1182?
273
Calculate the remainder when 288 is divided by 56.
8
Calculate the remainder when 440658 is divided by 35.
8
Calculate the remainder when 185781 is divided by 117.
102
What is the remainder when 41104 is divided by 20546?
12
What is the remainder when 1355 is divided by 1109?
246
Calculate the remainder when 40566 is divided by 535.
441
Calculate the remainder when 16045 is divided by 28.
1
Calculate the remainder when 37555 is divided by 117.
115
What is the remainder when 14100 is divided by 671?
9
What is the remainder when 31283 is divided by 7817?
15
Calculate the remainder when 12070 is divided by 3015.
10
Calculate the remainder when 3269 is divided by 172.
1
Calculate the remainder when 554 is divided by 27.
14
What is the remainder when 2526 is divided by 536?
382
What is the remainder when 195306 is divided by 49?
41
Calculate the remainder when 3003563 is divided by 916.
915
What is the remainder when 1245 is divided by 915?
330
What is the remainder when 92366 is divided by 27?
26
Calculate the remainder when 73157 is divided by 40.
37
Calculate the remainder when 5424651 is divided by 76.
75
What is the remainder when 310530 is divided by 63?
3
Calculate the remainder when 1373 is divided by 834.
539
Calculate the remainder when 5596 is divided by 2783.
30
Calculate the remainder when 13651459 is divided by 209.
206
What is the remainder when 194743 is divided by 52?
3
What is the remainder when 9864 is divided by 55?
19
Calculate the remainder when 39999 is divided by 39963.
36
Calculate the remainder when 36760 is divided by 9069.
484
Calculate the remainder when 70869 is divided by 238.
183
Calculate the remainder when 17239 is divided by 88.
79
What is the remainder when 7818 is divided by 237?
234
Calculate the remainder when 6196 is divided by 44.
36
Calculate the remainder when 17841 is divided by 23.
16
What is the remainder when 1585 is divided by 83?
8
Calculate the remainder when 3188203 is divided by 9.
7
What is the remainder when 3189 is divided by 101?
58
What is the remainder when 476443 is divided by 142?
33
What is the remainder when 1387 is divided by 543?
301
Calculate the remainder when 2334 is divided by 16.
14
What is the remainder when 558 is divided by 137?
10
What is the remainder when 11989 is divided by 2994?
13
What is the remainder when 13818 is divided by 64?
58
Calculate the remainder when 5362 is divided by 38.
4
Calculate the remainder when 115669 is divided by 174.
133
What is the remainder when 2389 is divided by 526?
285
Calculate the remainder when 1538 is divided by 1438.
100
What is the remainder when 48328 is divided by 86?
82
What is the remainder when 9678 is divided by 537?
12
What is the remainder when 4295 is divided by 543?
494
Calculate the remainder when 1699815 is divided by 11.
7
Calculate the remainder when 14167 is divided by 136.
23
Calculate the remainder when 403 is divided by 268.
135
Calculate the remainder when 3292 is divided by 157.
152
Calculate the remainder when 5572 is divided by 623.
588
Calculate the remainder when 13757 is divided by 344.
341
What is the remainder when 1720 is divided by 844?
32
What is the remainder when 616 is divided by 73?
32
Calculate the remainder when 3227 is divided by 1485.
257
Calculate the remainder when 9896 is divided by 53.
38
Calculate the remainder when 4750 is divided by 97.
94
What is the remainder when 9933 is divided by 23?
20
What is the remainder when 2786122 is divided by 719?
716
Calculate the remainder when 1677 is divided by 186.
3
What is the remainder when 40665 is divided by 29?
7
Calculate the remainder when 598 is divided by 29.
18
Calculate the remainder when 166078 is divided by 41517.
10
Calculate the remainder when 80368 is divided by 13365.
178
What is the remainder when 256891 is divided by 96?
91
What is the remainder when 6956 is divided by 131?
13
What is the remainder when 147426 is divided by 1798?
1788
What is the remainder when 164102 is divided by 281?
279
Calculate the remainder when 5764 is divided by 5698.
66
Calculate the remainder when 184348 is divided by 46087.
0
What is the remainder when 48791 is divided by 2435?
91
Calculate the remainder when 153885 is divided by 300.
285
What is the remainder when 1109419 is divided by 260?
259
What is the remainder when 114330 is divided by 174?
12
Calculate the remainder when 3458 is divided by 1173.
1112
Calculate the remainder when 4017 is divided by 1818.
381
Calculate the remainder when 53432 is divided by 17781.
89
What is the remainder when 3468404 is divided by 24?
20
What is the remainder when 144205 is divided by 253?
248
What is the remainder when 88742 is divided by 170?
2
What is the remainder when 90176 is divided by 135?
131
Calculate the remainder when 1651 is divided by 85.
36
Calculate the remainder when 12877 is divided by 678.
673
What is the remainder when 128133 is divided by 114?
111
What is the remainder when 143 is divided by 56?
31
What is the remainder when 567521 is divided by 1081?
1077
Calculate the remainder when 6539 is divided by 207.
122
What is the remainder when 25647 is divided by 127?
120
Calculate the remainder when 1319 is divided by 578.
163
What is the remainder when 2342939 is divided by 20?
19
What is the remainder when 2631333 is divided by 12?
9
What is the remainder when 234410 is divided by 196?
190
Calculate the remainder when 9773 is divided by 741.
140
What is the remainder when 12792 is divided by 458?
426
Calculate the remainder when 16251 is divided by 114.
63
What is the remainder when 96878 is divided by 44?
34
What is the remainder when 346 is divided by 208?
138
What is the remainder when 7006112 is divided by 79?
76
Calculate the remainder when 330533 is divided by 110177.
2
Calculate the remainder when 11493 is divided by 3604.
681
What is the remainder when 2086 is divided by 211?
187
Calculate the remainder when 45724 is divided by 31.
30
What is the remainder when 24493 is divided by 1161?
112
Calculate the remainder when 50619 is divided by 7226.
37
What is the remainder when 196419 is divided by 23?
22
What is the remainder when 876 is divided by 717?
159
Calculate the remainder when 101 is divided by 10.
1
What is the remainder when 2154 is divided by 545?
519
Calculate the remainder when 62477 is divided by 6.
5
Calculate the remainder when 5923 is divided by 102.
7
What is the remainder when 52936 is divided by 9?
7
Calculate the remainder when 63076 is divided by 21025.
1
What is the remainder when 1995 is divided by 328?
27
What is the remainder when 12349 is divided by 74?
65
Calculate the remainder when 10357 is divided by 5174.
9
Calculate the remainder when 983 is divided by 212.
135
What is the remainder when 195766 is divided by 24467?
30
What is the remainder when 23183 is divided by 773?
766
Calculate the remainder when 2820 is divided by 565.
560
What is the remainder when 467166 is divided by 18?
12
What is the remainder when 85911 is divided by 84?
63
What is the remainder when 1075929 is divided by 38?
35
What is the remainder when 86377 is divided by 2879?
7
Calculate the remainder when 3854 is divided by 57.
35
Calculate the remainder when 1747 is divided by 436.
3
What is the remainder when 1387577 is divided by 10?
7
What is the remainder when 6283 is divided by 180?
163
What is the remainder when 9128 is divided by 269?
251
Calculate the remainder when 13888 is divided by 808.
152
Calculate the remainder when 76569 is divided by 19.
18
Calculate the remainder whe